[INFO] cloning repository https://github.com/buffosens/rust-getting-started
[INFO] running `Command { std: "git" "-c" "credential.helper=" "-c" "credential.helper=/workspace/cargo-home/bin/git-credential-null" "clone" "--bare" "https://github.com/buffosens/rust-getting-started" "/workspace/cache/git-repos/https%3A%2F%2Fgithub.com%2Fbuffosens%2Frust-getting-started", kill_on_drop: false }`
[INFO] [stderr] Cloning into bare repository '/workspace/cache/git-repos/https%3A%2F%2Fgithub.com%2Fbuffosens%2Frust-getting-started'...
[INFO] running `Command { std: "git" "rev-parse" "HEAD", kill_on_drop: false }`
[INFO] [stdout] 1d3212c1195a735221805c01d8bdf9165e69b3ec
[INFO] checking buffosens/rust-getting-started against master#af3c6e733a40e671550e0f0f5aeecaa13772ba56 for pr-74989
[INFO] running `Command { std: "git" "clone" "/workspace/cache/git-repos/https%3A%2F%2Fgithub.com%2Fbuffosens%2Frust-getting-started" "/workspace/builds/worker-3/source", kill_on_drop: false }`
[INFO] [stderr] Cloning into '/workspace/builds/worker-3/source'...
[INFO] [stderr] done.
[INFO] validating manifest of git repo https://github.com/buffosens/rust-getting-started on toolchain af3c6e733a40e671550e0f0f5aeecaa13772ba56
[INFO] running `Command { std: "/workspace/cargo-home/bin/cargo" "+af3c6e733a40e671550e0f0f5aeecaa13772ba56" "read-manifest" "--manifest-path" "Cargo.toml", kill_on_drop: false }`
[INFO] started tweaking git repo https://github.com/buffosens/rust-getting-started
[INFO] finished tweaking git repo https://github.com/buffosens/rust-getting-started
[INFO] tweaked toml for git repo https://github.com/buffosens/rust-getting-started written to /workspace/builds/worker-3/source/Cargo.toml
[INFO] crate git repo https://github.com/buffosens/rust-getting-started already has a lockfile, it will not be regenerated
[INFO] running `Command { std: "/workspace/cargo-home/bin/cargo" "+af3c6e733a40e671550e0f0f5aeecaa13772ba56" "fetch" "--locked" "--manifest-path" "Cargo.toml", kill_on_drop: false }`
[INFO] running `Command { std: "docker" "create" "-v" "/var/lib/crater-agent-workspace/builds/worker-3/target:/opt/rustwide/target:rw,Z" "-v" "/var/lib/crater-agent-workspace/builds/worker-3/source:/opt/rustwide/workdir:ro,Z" "-v" "/var/lib/crater-agent-workspace/cargo-home:/opt/rustwide/cargo-home:ro,Z" "-v" "/var/lib/crater-agent-workspace/rustup-home:/opt/rustwide/rustup-home:ro,Z" "-e" "SOURCE_DIR=/opt/rustwide/workdir" "-e" "CARGO_TARGET_DIR=/opt/rustwide/target" "-e" "CARGO_HOME=/opt/rustwide/cargo-home" "-e" "RUSTUP_HOME=/opt/rustwide/rustup-home" "-w" "/opt/rustwide/workdir" "-m" "1610612736" "--user" "0:0" "--network" "none" "rustops/crates-build-env@sha256:d92eaeed33fa75130ca1ee6c8a01d1ffb62bac859dfdfb3450e3e5d1c0146529" "/opt/rustwide/cargo-home/bin/cargo" "+af3c6e733a40e671550e0f0f5aeecaa13772ba56" "metadata" "--no-deps" "--format-version=1", kill_on_drop: false }`
[INFO] [stderr] WARNING: Your kernel does not support swap limit capabilities or the cgroup is not mounted. Memory limited without swap.
[INFO] [stdout] 6c73e66755da1307b55fe1ad4714d603de310f82f631ae5ab45cee9bdc65cd68
[INFO] running `Command { std: "docker" "start" "-a" "6c73e66755da1307b55fe1ad4714d603de310f82f631ae5ab45cee9bdc65cd68", kill_on_drop: false }`
[INFO] running `Command { std: "docker" "inspect" "6c73e66755da1307b55fe1ad4714d603de310f82f631ae5ab45cee9bdc65cd68", kill_on_drop: false }`
[INFO] running `Command { std: "docker" "rm" "-f" "6c73e66755da1307b55fe1ad4714d603de310f82f631ae5ab45cee9bdc65cd68", kill_on_drop: false }`
[INFO] [stdout] 6c73e66755da1307b55fe1ad4714d603de310f82f631ae5ab45cee9bdc65cd68
[INFO] running `Command { std: "docker" "create" "-v" "/var/lib/crater-agent-workspace/builds/worker-3/target:/opt/rustwide/target:rw,Z" "-v" "/var/lib/crater-agent-workspace/builds/worker-3/source:/opt/rustwide/workdir:ro,Z" "-v" "/var/lib/crater-agent-workspace/cargo-home:/opt/rustwide/cargo-home:ro,Z" "-v" "/var/lib/crater-agent-workspace/rustup-home:/opt/rustwide/rustup-home:ro,Z" "-e" "SOURCE_DIR=/opt/rustwide/workdir" "-e" "CARGO_TARGET_DIR=/opt/rustwide/target" "-e" "CARGO_INCREMENTAL=0" "-e" "RUST_BACKTRACE=full" "-e" "RUSTFLAGS=--cap-lints=forbid" "-e" "CARGO_HOME=/opt/rustwide/cargo-home" "-e" "RUSTUP_HOME=/opt/rustwide/rustup-home" "-w" "/opt/rustwide/workdir" "-m" "1610612736" "--user" "0:0" "--network" "none" "rustops/crates-build-env@sha256:d92eaeed33fa75130ca1ee6c8a01d1ffb62bac859dfdfb3450e3e5d1c0146529" "/opt/rustwide/cargo-home/bin/cargo" "+af3c6e733a40e671550e0f0f5aeecaa13772ba56" "check" "--frozen" "--all" "--all-targets" "--message-format=json", kill_on_drop: false }`
[INFO] [stdout] 7ed30a18db45aa88f20ffb23ef851699562d1fee9fe6a1585fc7c3b19bee3350
[INFO] [stderr] WARNING: Your kernel does not support swap limit capabilities or the cgroup is not mounted. Memory limited without swap.
[INFO] running `Command { std: "docker" "start" "-a" "7ed30a18db45aa88f20ffb23ef851699562d1fee9fe6a1585fc7c3b19bee3350", kill_on_drop: false }`
[INFO] [stderr]     Blocking waiting for file lock on package cache
[INFO] [stderr]    Compiling ryu v1.0.2
[INFO] [stderr]    Compiling arrayvec v0.4.12
[INFO] [stderr]     Checking unicode-width v0.1.7
[INFO] [stderr]     Checking static_assertions v0.3.4
[INFO] [stderr]     Checking smallvec v0.4.5
[INFO] [stderr]    Compiling backtrace-sys v0.1.33
[INFO] [stderr]    Compiling nom v5.1.1
[INFO] [stderr]     Checking atty v0.2.14
[INFO] [stderr]     Checking rand v0.5.6
[INFO] [stderr]    Compiling lexical-core v0.6.7
[INFO] [stderr]     Checking textwrap v0.11.0
[INFO] [stderr]     Checking clap v2.33.0
[INFO] [stderr]     Checking backtrace v0.3.41
[INFO] [stderr]     Checking error-chain v0.10.0
[INFO] [stderr]     Checking ferris-says v0.1.1
[INFO] [stderr]     Checking rust-getting-started v0.1.0 (/opt/rustwide/workdir)
[INFO] [stdout] error[E0433]: failed to resolve: use of undeclared type or module `Rectangle`
[INFO] [stdout]   --> src/main.rs:16:21
[INFO] [stdout]    |
[INFO] [stdout] 16 |         let rect4 = Rectangle::square(3);
[INFO] [stdout]    |                     ^^^^^^^^^ use of undeclared type or module `Rectangle`
[INFO] [stdout] 
[INFO] [stdout] 
[INFO] [stdout] error[E0422]: cannot find struct, variant or union type `Rectangle` in this scope
[INFO] [stdout]  --> src/main.rs:6:21
[INFO] [stdout]   |
[INFO] [stdout] 6 |         let rect1 = Rectangle { width: 30, height: 50 };
[INFO] [stdout]   |                     ^^^^^^^^^ not found in this scope
[INFO] [stdout] 
[INFO] [stdout] 
[INFO] [stdout] error[E0422]: cannot find struct, variant or union type `Rectangle` in this scope
[INFO] [stdout]   --> src/main.rs:13:21
[INFO] [stdout]    |
[INFO] [stdout] 13 |         let rect1 = Rectangle { width: 30, height: 50 };
[INFO] [stdout]    |                     ^^^^^^^^^ not found in this scope
[INFO] [stdout] 
[INFO] [stdout] 
[INFO] [stdout] error[E0422]: cannot find struct, variant or union type `Rectangle` in this scope
[INFO] [stdout]   --> src/main.rs:14:21
[INFO] [stdout]    |
[INFO] [stdout] 14 |         let rect2 = Rectangle { width: 10, height: 40 };
[INFO] [stdout]    |                     ^^^^^^^^^ not found in this scope
[INFO] [stdout] 
[INFO] [stdout] 
[INFO] [stdout] error[E0422]: cannot find struct, variant or union type `Rectangle` in this scope
[INFO] [stdout]   --> src/main.rs:15:21
[INFO] [stdout]    |
[INFO] [stdout] 15 |         let rect3 = Rectangle { width: 60, height: 45 };
[INFO] [stdout]    |                     ^^^^^^^^^ not found in this scope
[INFO] [stdout] 
[INFO] [stdout] 
[INFO] [stdout] error: aborting due to 5 previous errors
[INFO] [stdout] 
[INFO] [stdout] 
[INFO] [stdout] Some errors have detailed explanations: E0422, E0433.
[INFO] [stdout] 
[INFO] [stdout] For more information about an error, try `rustc --explain E0422`.
[INFO] [stdout] 
[INFO] [stderr] error: could not compile `rust-getting-started`.
[INFO] [stderr] 
[INFO] [stderr] To learn more, run the command again with --verbose.
[INFO] [stderr] warning: build failed, waiting for other jobs to finish...
[INFO] [stdout] error[E0433]: failed to resolve: use of undeclared type or module `Rectangle`
[INFO] [stdout]   --> src/main.rs:16:21
[INFO] [stdout]    |
[INFO] [stdout] 16 |         let rect4 = Rectangle::square(3);
[INFO] [stdout]    |                     ^^^^^^^^^ use of undeclared type or module `Rectangle`
[INFO] [stdout] 
[INFO] [stdout] 
[INFO] [stdout] error[E0422]: cannot find struct, variant or union type `Rectangle` in this scope
[INFO] [stdout]  --> src/main.rs:6:21
[INFO] [stdout]   |
[INFO] [stdout] 6 |         let rect1 = Rectangle { width: 30, height: 50 };
[INFO] [stdout]   |                     ^^^^^^^^^ not found in this scope
[INFO] [stdout] 
[INFO] [stdout] 
[INFO] [stdout] error[E0422]: cannot find struct, variant or union type `Rectangle` in this scope
[INFO] [stdout]   --> src/main.rs:13:21
[INFO] [stdout]    |
[INFO] [stdout] 13 |         let rect1 = Rectangle { width: 30, height: 50 };
[INFO] [stdout]    |                     ^^^^^^^^^ not found in this scope
[INFO] [stdout] 
[INFO] [stdout] 
[INFO] [stdout] error[E0422]: cannot find struct, variant or union type `Rectangle` in this scope
[INFO] [stdout]   --> src/main.rs:14:21
[INFO] [stdout]    |
[INFO] [stdout] 14 |         let rect2 = Rectangle { width: 10, height: 40 };
[INFO] [stdout]    |                     ^^^^^^^^^ not found in this scope
[INFO] [stdout] 
[INFO] [stdout] 
[INFO] [stdout] error[E0422]: cannot find struct, variant or union type `Rectangle` in this scope
[INFO] [stdout]   --> src/main.rs:15:21
[INFO] [stdout]    |
[INFO] [stdout] 15 |         let rect3 = Rectangle { width: 60, height: 45 };
[INFO] [stdout]    |                     ^^^^^^^^^ not found in this scope
[INFO] [stdout] 
[INFO] [stdout] 
[INFO] [stdout] error: aborting due to 5 previous errors
[INFO] [stdout] 
[INFO] [stdout] 
[INFO] [stdout] Some errors have detailed explanations: E0422, E0433.
[INFO] [stdout] 
[INFO] [stdout] For more information about an error, try `rustc --explain E0422`.
[INFO] [stdout] 
[INFO] [stderr] error: build failed
[INFO] running `Command { std: "docker" "inspect" "7ed30a18db45aa88f20ffb23ef851699562d1fee9fe6a1585fc7c3b19bee3350", kill_on_drop: false }`
[INFO] running `Command { std: "docker" "rm" "-f" "7ed30a18db45aa88f20ffb23ef851699562d1fee9fe6a1585fc7c3b19bee3350", kill_on_drop: false }`
[INFO] [stdout] 7ed30a18db45aa88f20ffb23ef851699562d1fee9fe6a1585fc7c3b19bee3350
